**6/24 + o**5/30 + o**4/8 - 5*o**3/6 - 1076*o**2 - o - 1. What is d(3)?
157
Let c(w) = -4*w. Let r(t) = -t - 4. Let a(m) = -c(m) + 2*r(m). Determine a(-12).
-32
Let y(t) = 21*t**2 - 106*t - 5. Let d be y(5). Let r(v) = v**2 + 13*v + 55. What is r(d)?
25
Let j = -31 - -51. Suppose 0 = 14*q - j*q + 246. Let u(n) = q*n + 1 - 40*n + 7. What is u(-5)?
3
Let n be -2 - 7*1/28*12 - -6. Let c(j) = -17*j**2 + j + 1. Calculate c(n).
-15
Let o(m) = 3*m**2 + 28*m - 59. Suppose 307 = -100*j - 901 + 108. Calculate o(j).
-4
Suppose -5*d - 4*a + 9 = 0, -2*d = -24*a + 25*a - 6. Let c(v) = 4 - d + 12*v - 1. Give c(-3).
-38
Let d(o) = -16*o + 95*o + 6 - 27*o - 23*o - 20*o. What is d(3)?
33
Suppose 14 = 4*w - 2*u, 6*w + 2*u + 11 = 7*w. Let s(c) = -644 - c + 10*c**2 + 644. What is s(w)?
9
Suppose 0 = -188*p + 907 + 785. Let f(t) = t**2 - 9*t - 1. Give f(p).
-1
Let n(i) be the third derivative of -7*i**5/60 + i**4/12 + i**3/3 - 12*i**2 + 1. Let r(f) = 4*f**2 - f - 1. Let v(l) = 2*n(l) + 5*r(l). Determine v(-1).
6
Let i(j) = -2*j**3 - 32*j**2 + 32*j - 26. Let q be i(-17). Let p be ((-5)/10)/(4/q). Let u(r) = -4*r**2 - 2*r - 1. Calculate u(p).
-3
Let j(b) = -b**3 - 8*b**2 + 11*b + 2. Let z be j(-9). Let h be (-4)/16 + 1 + (-164)/z. Suppose -c + 4 = h. Let t(s) = -s - 9. Calculate t(c).
-2
Suppose j + 135*y = 137*y + 2, 0 = 3*j - 5*y - 6. Let q(s) be the first derivative of -5*s + 4 + 9/2*s**j + 1/3*s**3. Calculate q(-9).
-5
Suppose -4*m = a + 3*a + 28, -2*a - 4*m - 16 = 0. Let c(j) = -4*j**3 + 7*j**2 + 5*j**3 + 8*j - 329 + 323. Give c(a).
-18
Let d(t) = t**2 + 18*t + 49. Let x be d(-3). Let y(j) = -12*j**2 - 4 + 32*j**2 - 5*j + x - 3 - 19*j**2. Give y(-4).
33
Let v(q) = 6 - 1740*q**2 - q**3 - 8*q - 1730*q**2 + 3462*q**2. Give v(-6).
-18
Let y(c) = -c - 7. Suppose 2*w - 79 = 5*k, 3*w + 0*w = -3*k + 171. Suppose -13*u - w = 65. Calculate y(u).
2
Let t(j) = -7*j**2 + 5*j + 1. Let u(p) = 31*p**2 + 26*p**2 + 1 + 6*p - 64*p**2. Let m(f) = -6*t(f) + 5*u(f). Calculate m(-1).
6
Let s(m) = -4 - 401196*m - m**2 + 401205*m + 0*m**2. Calculate s(9).
-4
Suppose -10*u = -9*u - 2. Let f(d) = -28*d - d**2 + u*d**2 + 3 + 26*d. What is f(2)?
3
Suppose 0 = -2*s - 0*s - 2, -2*s = 3*d - 130. Suppose q = -3*q + d. Let u(x) = -x**3 + 12*x**2 - 12*x + 11. What is u(q)?
0
Let c(l) be the first derivative of l**3/3 - 11*l**2/2 - 4*l + 5. Suppose 0 = -2*g + 4*k, 5*g + 3 - 43 = 2*k. Give c(g).
-14
Let r = -58 - -58. Let h(m) = -4*m - 3 + 3*m + r*m + 43. Let i(s) = -8. Let p(x) = 2*h(x) + 11*i(x). Calculate p(6).
-20
Let q(f) = 18*f - 1. Let r(i) be the first derivative of -i**4/4 + 11*i**3/3 + i**2/2 - 9*i - 55. Let x be r(11). What is q(x)?
35
Let h(y) = -2*y**3 - 2*y**2 - 3*y - 1. Let m = 168 + -159. Let t be -5 - (m/(-3) - 0). Determine h(t).
13
Let i(n) = 13*n - 5*n**2 - n**2 + 29*n**2 + 32 - 22*n**2. Give i(-8).
-8
Let d be (-1 - 1/3)/((-336)/504). Let p(t) = -49 + 109 - 66 + t**d + 10*t. Determine p(-9).
-15
Let h(x) be the second derivative of x**4/3 + x**3/6 + x**2/2 - 1283*x. Let i be 2 - (-1)/(0 + -1). Suppose 2*c = i - 5. Determine h(c).
15
Let y(q) be the first derivative of 2*q**3/3 + 4*q**2 + 8*q + 1640. Give y(-4).
8
Let z(h) = -3*h**3 + 12*h**2 + 13*h - 20. Let q(i) = 4*i**3 - 12*i**2 - 12*i + 20. Let y(j) = -2*q(j) - 3*z(j). Let a = 13389 - 13376. Give y(a).
-6
Let l be ((-38)/4 + 17/34)/((-12)/8). Let i(c) = -7*c**3 + 41*c**2 + 5*c + 12. What is i(l)?
6
Let v(j) = -j**3 + 6*j**2 + 7*j - 1. Let i = 3499 + -3492. What is v(i)?
-1
Let n(t) = -t**2 - 20*t - 86. Let b be n(-5). Let d(p) = -3*p**2 + p**2 - 6 + 3*p**2 + 12*p + 20. Calculate d(b).
3
Let c(g) = 17*g**2 - 37*g - 14. Let j(z) = -19 - 12*z**2 + 56 - 28 - 14*z + 39*z. Let i(h) = -5*c(h) - 7*j(h). Calculate i(9).
16
Let u(f) = 1289631*f + f**2 + 129 - 1289582*f + 16. Calculate u(-46).
7
Suppose 2256 = 80*r + 108*r. Let b(q) = q - 1. Let z be b(5). Let i(h) = -r*h + 30*h - 17*h + z. Determine i(0).
4
Let o(t) = -65*t - 387. Let k be o(-6). Suppose u - 32 = -3*z, 82 = 5*z + u + 30. Suppose -13 + z = -k*j. Let v(b) = b**2 - 3*b + 1. Give v(j).
-1
Let c(k) = -14*k**2 - 8*k + 44. Let d(m) = 12*m**2 + 6*m - 37. Let i(s) = 5*c(s) + 6*d(s). Give i(-1).
4
Suppose 2*s = s + 1. Let n(u) = 10*u**2 - 2*u - 110. Let x(k) = -13*k**2 + 3*k + 146. Let d(m) = 4*n(m) + 3*x(m). Calculate d(s).
0
Let m(z) = -z**2 - 14*z - 51. Let s(y) = y**3 - 7*y**2 + 23*y - 53. Let d be s(4). Determine m(d).
-6
Let u(y) = 2 + 11*y - 6*y - 3. Suppose -23 - 34 = -5*x - 2*t, -3*t + 3 = 0. Suppose 12*o + 1 = x*o. Determine u(o).
-6
Let k(o) = -o - 9. Let n be (4/(-2))/(1 - (-58)/(-56)). Let i be 14/n - ((-249)/(-4) + 1). Let s = i - -63. Determine k(s).
-9
Let a(r) = -3*r - 6. Let g(k) = -8*k - 17. Let o(q) = -11*a(q) + 4*g(q). Let x = 36 + -39. Let u be (-13)/x - (-2)/(-6). Determine o(u).
2
Let l = 94 - 99. Let x(o) = -14*o - 72. Let t be x(l). Let g(f) = 3*f - 1. Give g(t).
-7
Suppose 3*s - b + 12 = 0, 7*s - 12*s = 3*b - 22. Let v(u) = -10*u**2 + 4*u + 2. Calculate v(s).
-12
Let v(h) = -h**2 + 83*h - 1336. Let p be v(22). Let z(d) = d**3 - 5*d**2 + 6*d - 9. Determine z(p).
63
Suppose 0 = -6*q - 9*q - 90. Let f(u) = -2*u**3 + 11*u**2 + 8*u - 13. Let d(s) = s**3 - 6*s**2 - 3*s + 6. Let h(i) = q*f(i) - 13*d(i). Determine h(11).
22
Suppose -7*f + 9*f - 24 = 0. Let p(h) = -h**3 + 13*h**2 - 15*h + 24. Give p(f).
-12
Let x(h) = 15*h**2 + 6*h + 65. Let f(p) = -13*p**2 - 7*p - 61. Let u(q) = -7*f(q) - 6*x(q). What is u(-10)?
7
Suppose 2598 - 2556 = -14*h. Let u(v) = v**2 - 3*v - 9. Calculate u(h).
9
Let w(f) = -f**3 - 4*f**2 + 5*f + 5. Let s(z) be the first derivative of 2*z**3/3 + 11*z**2/2 - 6*z + 5. Let j be s(-7). Suppose 2*p + p + j = 0. Give w(p).
5
Suppose -72*f + 65 = -59*f. Let a(h) = -6 + 4 + 11 - f*h + 8. Determine a(5).
-8
Let u = -353 + 374. Suppose -5 = -3*y + 4*j + 1, j - u = -3*y. Let s(l) = l**2 + 2*l - 5. Determine s(y).
43
Let k = 27 - 18. Suppose 10*d = -k - 11. Let z(p) be the first derivative of -2*p**3/3 - 3*p**2/2 - 3*p + 1. Give z(d).
-5
Let h be -2 + (10/35 - (406/(-49))/(-1)). Let u(i) = -9*i**2 - 93*i - 10. Determine u(h).
20
Let v(h) = 33 - 20 + 4 + 2*h. Let o be v(-7). Suppose -o*c = -3*w + 12, w = c - 5*c - 1. Let f(t) = t**2 - 4. Calculate f(w).
5
Suppose -4*r + 23 + 1 = 0. Suppose -q - 2*p - 8 = 0, 2*q - r*q + 5*p = 19. Let c(l) be the second derivative of l**3/6 + 3*l**2 - 342*l + 2. Give c(q).
0
Let x(p) = 2*p**2 + 6*p + 3. Let k = -37 + 57. Suppose -11*n - 24 = k. Give x(n).
11
Let k(t) be the first derivative of 27*t**2/2 + 5*t - 1642. Calculate k(1).
32
Suppose -2*b - 50 + 48 = 0. Let x be b/(-5) + (-12)/10. Let l(i) = 16*i**3 - i**2 - 2*i - 1. What is l(x)?
-16
Let m(k) be the first derivative of 1/3*k**3 + 138 - 5*k + 5/2*k**2. Determine m(-6).
1
Let y(n) = 6*n**3 - 2*n**2 + 4*n + 1. Let k(q) = -5*q**3 + 4*q**2 - 3*q - 5. Let v(g) = -5*k(g) - 4*y(g). Calculate v(12).
9
Let q(f) = 12*f**2 - 19*f**2 + 7 - 2*f + 14*f**2 + 21*f**3 - 5*f**2 - 27*f**3. Give q(2).
-37
Let w(f) = f**3 + 6*f**2 + f + 1. Let y(x) be the second derivative of -x**5/10 - 31*x**4/12 + 19*x**3/6 + 21*x**2 + x - 43. Let m be y(-16). Determine w(m).
-5
Let z(m) be the first derivative of -7*m**3/3 + 3*m**2/2 + 34*m - 46. Let b(y) be the first derivative of z(y). Give b(2).
-25
Let c(t) = 16*t + 5. Let n(m) = -47*m - 14. Let v(j) = 11*c(j) + 4*n(j). Let x be 962/(-148)*(-4)/(-26). Calculate v(x).
11
Let v = -113 - -115. Let u(m) = 13*m - 23. What is u(v)?
3
Let f(q) be the second derivative of 5*q**3/3 - 3*q**2 - 2*q + 5959. Determine f(14).
134
Let c(y) be the third derivative of y**4/12 + y**3/2 - 242*y**2 + 2*y. Calculate c(-4).
-5
Let y be 13 - 1*(5 + -1). Let s(l) = -251946 - y*l**2 + 251946. Determine s(1).
-9
Let s be 32/(-400) + 96/(-50). Let j be (-9*12/180)/(s/10). Let p(x) = x - 5. Determine p(j).
-2
Let w(c) = 2*c**3 + c**2 - 3*c + 1. Let q(v) = 3*v**2 - 66*v + 2. Let h be ((-105)/(-42))/(15/132). Let g be q(h). Determine w(g).
15
Suppose -3*j + 29 = 127*t - 131*t, 2 = -j - t. Let d(p) = 8*p - 26. Determine d(j).
-2
Let m(h) = 27*h + 61. Let t be m(-2). Let g(c) = -c + 6. Let u(s) = -s + 7. Let x(p) = t*g(p) - 6*u(p). Determine x(11).
-11
Let q(v) = v + 7. Let x(k) = 5*k - 9. Suppose 0 = 2*m - 6 - 0. Let d be x(m). Suppose -2*b + 3*w = -0*b + 24, -3